46. Determine h(-191).
7
Let r(s) = 188*s**2 + 647*s + 214. What is r(-3)?
-35
Let o(s) = -674*s**3 + 142890*s**2 - 430*s + 1283. Give o(212).
11
Let l(y) = -2*y**3 - 70*y**2 - 497*y - 741. Give l(-7).
-6
Let t(r) = 75*r - 175. Determine t(7).
350
Let r(h) = -75659*h + 453951. What is r(6)?
-3
Let q(l) = 89*l**2 - 5518*l - 73. What is q(62)?
-73
Let j(w) = 29538*w - 4785181. Calculate j(162).
-25
Let f(k) = -6*k**2 + 220*k - 628. What is f(32)?
268
Let k(b) = 1340*b**3 - 2*b**2 + 5*b - 5. What is k(1)?
1338
Let f(d) = 2*d**3 - 14*d**2 + 400*d - 8346. Calculate f(14).
-2
Let p(m) = 1274*m**3 - m**2 - 9*m - 9. Calculate p(-1).
-1275
Let b(x) = 2939*x - 340919. Calculate b(116).
5
Let h(n) = n**2 - 9888*n - 1089668. Calculate h(-109).
5
Let l(h) = -h**3 + 26*h**2 - 145*h - 88. Give l(12).
188
Let o(f) = f**3 - 126*f**2 + 34251*f - 4416893. What is o(128)?
3
Let r(n) = 2*n**2 + 253*n - 11502. Give r(48).
5250
Let g(k) = 5*k**2 + 533*k - 2646. What is g(-112)?
378
Let r(w) = 9*w**2 - 37*w - 63. What is r(5)?
-23
Let g(f) = 21*f**2 + 3629*f - 34377. Give g(9).
-15
Let o(t) = t**3 + 12*t**2 - 67*t - 66. Determine o(5).
24
Let m(a) = 35*a**2 - 3139*a - 64837. Determine m(107).
5
Let x(r) = -2286*r + 43438. Determine x(19).
4
Let o(q) = 1178*q - 101210. What is o(86)?
98
Let g(d) = -2*d**3 - 488*d**2 + 984*d + 1346. What is g(-246)?
1346
Let j(b) = -82*b - 17632. What is j(-217)?
162
Let r(a) = a**2 - 995*a + 129508. Give r(154).
-6
Let v(c) = -c**2 - 89*c - 1050. Calculate v(-65).
510
Let v(i) = 77028*i + 307898. What is v(-4)?
-214
Let j(s) = -2516*s + 158580. What is j(63)?
72
Let r(h) = -8*h**2 - 1529*h + 12722. Calculate r(8).
-22
Let s(v) = v**3 - 113*v**2 + 1785*v + 17. What is s(19)?
-2
Let n(g) = -780*g - 456. Give n(0).
-456
Let t(q) = q**3 + 33*q**2 - 80*q - 6156. Determine t(-28).
4
Let u(w) = -2469*w - 417246. Give u(-169).
15
Let c(s) = -s**2 - 610*s + 4305. Calculate c(7).
-14
Let n(j) = 268*j**3 + 100*j**2 + 151*j + 52. What is n(-1)?
-267
Let i(s) = s**2 - 13*s + 3. Calculate i(9).
-33
Let s(d) = d**3 - 1309*d**2 - 14558*d + 50165. What is s(1320)?
5
Let d(f) = -f**2 + 1511*f + 12181. Determine d(-8).
29
Let f(o) = 365*o**2 - 6799*o - 2579. What is f(19)?
5
Let f(s) = -2*s**3 + 307*s**2 + 212*s - 8927. Determine f(154).
5
Let k(p) = -1017*p**2 - 11193*p - 69. Give k(-11).
-3
Let y(x) = -x**2 + 32493*x + 162504. Determine y(-5).
14
Let n(c) = 4609*c - 9683. Calculate n(2).
-465
Let h(c) = -20*c**2 - 3328*c + 48968. Determine h(-180).
8
Let w(y) = 23*y**3 - 259*y**2 + 94*y - 298. Give w(11).
10
Let b(h) = 671*h - 119454. What is b(178)?
-16
Let m(n) = 1844*n - 87737. Calculate m(45).
-4757
Let d(b) = 7513*b + 157548. Give d(-21).
-225
Let p(d) = -111*d**2 + 898*d - 92. Determine p(8).
-12
Let b(h) = 81*h + 2679. What is b(-25)?
654
Let h(y) = 10*y**2 - 1075*y - 23304. What is h(126)?
6
Let f(r) = -165102*r + 1155752. Determine f(7).
38
Let m(s) = 2*s**3 - 77*s**2 + 350*s + 382. What is m(33)?
-47
Let w(k) = -308*k**3 + 5543*k**2 + 79*k - 1111. Give w(18).
-13
Let b(m) = -43*m**2 - 2068*m + 6200. Determine b(3).
-391
Let w(q) = -49*q + 359. Determine w(-10).
849
Let s(o) = -o**3 + 18*o**2 + 51*o + 1167. What is s(24)?
-1065
Let p(l) = 6*l**3 + 79*l**2 - 277*l - 3624. Give p(-13).
146
Let j(w) = -w**3 + 43*w**2 + 88*w - 410. Calculate j(45).
-500
Let a(q) = q**3 + 74*q**2 + 64*q - 5393. Calculate a(-72).
367
Let f(b) = b**3 - 44*b**2 + 263*b + 160. Give f(8).
-40
Let h(w) = 46718*w**2 - 934355*w - 94. What is h(20)?
6
Let z(f) = f**3 + 443*f**2 + 3048*f + 37. Give z(-7).
65
Let x(j) = -154*j**3 - j**2 + 1013*j + 1012. What is x(-1)?
152
Let r(i) = 6*i**2 - 248*i + 2573. Give r(22).
21
Let g(h) = -208997*h + 1253963. What is g(6)?
-19
Let p(j) = -70*j**2 - 18215*j - 354909. What is p(-239)?
6
Let z(x) = -1114*x + 30405. Calculate z(29).
-1901
Let k(x) = -511*x - 54716. Give k(-107).
-39
Let m(f) = 117140*f - 937128. Calculate m(8).
-8
Let j(l) = 96796*l - 18778442. Calculate j(194).
-18
Let s(r) = -r**3 + 40*r**2 - 263*r - 1886. Determine s(27).
490
Let r(i) = -i**2 + 649*i - 65076. Determine r(124).
24
Let h(w) = -18721*w - 18496. Give h(-1).
225
Let q(c) = 17395*c - 87127. Give q(5).
-152
Let s(h) = 11*h**3 + 28*h**2 - 231*h + 189. What is s(1)?
-3
Let h(n) = 739*n - 272691. Determine h(369).
0
Let j(v) = 2449*v + 132250. Calculate j(-54).
4
Let p(r) = -119*r**2 - 2483*r + 23. Determine p(-19).
4241
Let v(z) = -11*z**3 - 65*z**2 - 4538*z - 27269. Determine v(-6).
-5
Let d(k) = k**3 + 14*k**2 + 6*k - 72. Give d(0).
-72
Let j(h) = 2*h**3 - 26*h**2 - 199*h + 2695. What is j(12)?
19
Let b(g) = -41308*g + 289142. Calculate b(7).
-14
Let n(l) = -69090*l + 10570777. Determine n(153).
7
Let y(l) = 2*l**2 - 303*l + 4744. Give y(17).
171
Let p(h) = 207*h - 2412. Give p(14).
486
Let u(q) = -3*q**3 - 19*q**2 + 840*q + 5153. Determine u(-6).
77
Let x(d) = -d**3 - 66*d**2 + 27*d - 1620. What is x(-67)?
1060
Let j(o) = o**3 - 68*o**2 + 479*o + 11. What is j(60)?
-49
Let o(k) = 3552*k + 21291. Give o(-6).
-21
Let g(h) = 22683*h + 1156834. Calculate g(-51).
1
Let q(v) = v**3 + 3*v**2 - 24*v - 429. Calculate q(-10).
-889
Let l(t) = -1139901*t - 1139857. Calculate l(-1).
44
Let a(l) = -14*l**2 - 275*l + 1034. Give a(-23).
-47
Let y(p) = 6658*p + 3115887. Give y(-468).
-57
Let s(c) = -10*c**2 + 266*c + 1331. Determine s(32).
-397
Let j(i) = i**2 - 52*i + 540. Calculate j(12).
60
Let g(z) = -359366*z - 2874974. Calculate g(-8).
-46
Let b(r) = 180*r + 21729. Calculate b(-121).
-51
Let a(n) = 42*n**3 - 329*n**2 - 230*n + 97. Calculate a(-1).
-44
Let x(i) = 55*i + 4466. What is x(-85)?
-209
Let t(p) = -p**3 - 26*p**2 + 749*p - 2520. Give t(4).
-4
Let i(r) = -r**2 + 1203*r + 279116. Give i(-199).
118
Let h(q) = -22298*q + 289866. Give h(13).
-8
Let t(i) = i**2 + 6065*i + 193021. Give t(-32).
-35
Let t(x) = 151767*x - 758837. Determine t(5).
-2
Let z(l) = 2*l**3 + 67*l**2 - 142*l - 5776. Give z(-33).
-1
Let x(n) = 5*n**2 + 3632*n + 117703. Give x(-34).
-5
Let n(j) = j**3 + 66*j**2 - 8*j - 360. Calculate n(0).
-360
Let c(k) = 524*k**2 + 13077*k - 41. Calculate c(-25).
534
Let x(n) = 1567*n + 73. What is x(1)?
1640
Let u(l) = 517*l + 6350. What is u(-8)?
2214
Let x(l) = 49555*l - 3518444. Give x(71).
-39
Let a(t) = 2*t**3 - 63*t**2 + 418*t - 750. Determine a(5).
15
Let s(z) = -z**3 + 2*z**2 - 895*z + 5508. Calculate s(6).
-6
Let h(g) = 10*g**2 + 29*g - 1342. Determine h(-13).
-29
Let s(o) = 676*o + 46428. What is s(-69)?
-216
Let c(h) = h**3 - 110*h**2 + 1131*h - 124397. Give c(110).
13
Let s(a) = 15*a**2 + 82*a - 311. Calculate s(3).
70
Let u(o) = -19*o**2 + 122*o - 1322. Give u(10).
-2002
Let p(q) = -529*q**2 + 2479*q + 835. Give p(5).
5
Let q(v) = 73*v + 4961. Calculate q(-74).
-441
Let z(t) = -t**3 - 145*t**2 - 3197*t - 1443. What is z(-118)?
-145
Let n(d) = 18*d**2 - 618*d - 4021. Calculate n(40).
59
Let c(m) = m**3 - 9*m**2 + 62905*m - 314417. Calculate c(5).
8
Let u(s) = -3*s**3 - 5*s**2 - 4*s + 60. What is u(-4)?
188
Let b(p) = 132807*p - 132819. Calculate b(1).
-12
Let y(n) = n**3 - 11*n**2 + 3341*n - 40247. Give y(12).
-11
Let c(a) = -a**3 - 145*a**2 - 2372*a - 320732. Calculate c(-144).
100
Let t(b) = b**3 + 41*b**2 + 400*b + 755. Determine t(-11).
-15
Let b(o) = 3*o**3 + 243*o**2 + 2*o - 264. Calculate b(-81).
-426
Let j(z) = 6*z**3 + 358*z**2 - 3627*z - 210428. Calculate j(-60).
-8
Let y(u) = -90*u**2 - 1220*u + 34. Give y(-13).
684
Let x(m) = 11*m**3 + 474*m**2 + 26*m - 641. What is x(-43)?
90
Let g(i) = -3*i**2 + 9*i - 211. Give g(7).
-295
Let x(g) = g**3 + 109*g**2 + 30*g + 15393. Give x(-110).
-7
Let c(g) = -2*g**3 + 355*g**2 - 10971*g + 9567. Calculate c(138).
45
Let x(t) = -t**2 - 1622*t - 22395. What is x(-14)?
117
Let t(n) = -49*n**2 - 381*n + 43. Determine t(-8).
-45
Let c(y) = -47*y**2 + 1401*y + 53. Give c(30).
-217
Let i(p) = -72*p**2 - 1321*p - 7882. Calculate i(-6).
-2548
Let l(i) = -3251*i - 549244. Determine l(-169).
175
Let x(s) = -s**3 - 12*s**2 + 109*s + 26. What is x(-14)?
-1108
Let u(z) = z**2 + 17956*z - 485614. Calculate u(27).
-73
Let v(j) = -18293*j - 1939018. Determine v(-106).
40
Let q(y) = 5201*y - 5912. Calculate q(1).
-711
Let n(d) = d**3 - 333*d**2 + 1325*d - 1935. Determine n(329).
1026
Let n(i) = -726*i - 10911. Wha